{"id":4039,"date":"2023-08-22T16:44:57","date_gmt":"2023-08-22T14:44:57","guid":{"rendered":"https:\/\/www.gastrorampe.ch\/?page_id=4039"},"modified":"2025-02-26T13:10:45","modified_gmt":"2025-02-26T12:10:45","slug":"vermietung","status":"publish","type":"page","link":"https:\/\/gastrorampe.ch\/staging\/vermietung\/","title":{"rendered":"Vermietung"},"content":{"rendered":"\n\n\t<section class=\"section\" id=\"section_1502573026\">\n\t\t<div class=\"section-bg fill\" >\n\t\t\t\t\t\t\t\t\t\n\t\t\t\n\n\t\t<\/div>\n\n\t\t\n\n\t\t<div class=\"section-content relative\">\n\t\t\t\n\n\t<div class=\"img has-hover x md-x lg-x y md-y lg-y\" id=\"image_283344122\">\n\t\t\t\t\t\t\t\t<div class=\"img-inner dark\" >\n\t\t\t<img loading=\"lazy\" decoding=\"async\" width=\"2560\" height=\"640\" src=\"https:\/\/gastrorampe.ch\/staging\/wp-content\/uploads\/2023\/02\/GastroRampe-Dienstleistung.jpg\" class=\"attachment-original size-original\" alt=\"\" srcset=\"https:\/\/gastrorampe.ch\/staging\/wp-content\/uploads\/2023\/02\/GastroRampe-Dienstleistung.jpg 2560w, https:\/\/gastrorampe.ch\/staging\/wp-content\/uploads\/2023\/02\/GastroRampe-Dienstleistung-300x75.jpg 300w, https:\/\/gastrorampe.ch\/staging\/wp-content\/uploads\/2023\/02\/GastroRampe-Dienstleistung-1024x256.jpg 1024w, https:\/\/gastrorampe.ch\/staging\/wp-content\/uploads\/2023\/02\/GastroRampe-Dienstleistung-768x192.jpg 768w, https:\/\/gastrorampe.ch\/staging\/wp-content\/uploads\/2023\/02\/GastroRampe-Dienstleistung-1536x384.jpg 1536w, https:\/\/gastrorampe.ch\/staging\/wp-content\/uploads\/2023\/02\/GastroRampe-Dienstleistung-2048x512.jpg 2048w, https:\/\/gastrorampe.ch\/staging\/wp-content\/uploads\/2023\/02\/GastroRampe-Dienstleistung-600x150.jpg 600w\" sizes=\"auto, (max-width: 2560px) 100vw, 2560px\" \/>\t\t\t\t\t\t\n\t\t\t\t\t<\/div>\n\t\t\t\t\t\t\t\t\n<style>\n#image_283344122 {\n  width: 100%;\n}\n<\/style>\n\t<\/div>\n\t\n\n\t<div id=\"gap-510143200\" class=\"gap-element clearfix\" style=\"display:block; height:auto;\">\n\t\t\n<style>\n#gap-510143200 {\n  padding-top: 30px;\n}\n<\/style>\n\t<\/div>\n\t\n\n\n\t\t<\/div>\n\n\t\t\n<style>\n#section_1502573026 {\n  padding-top: 0px;\n  padding-bottom: 0px;\n}\n<\/style>\n\t<\/section>\n\t\n\n\t<section class=\"section\" id=\"section_1195337004\">\n\t\t<div class=\"section-bg fill\" >\n\t\t\t\t\t\t\t\t\t\n\t\t\t\n\n\t\t<\/div>\n\n\t\t\n\n\t\t<div class=\"section-content relative\">\n\t\t\t\n\n<div class=\"container section-title-container hide-for-small\" ><h1 class=\"section-title section-title-center\"><b aria-hidden=\"true\"><\/b><span class=\"section-title-main\" style=\"font-size:150%;color:rgb(107, 21, 149);\">Vermietung<\/span><b aria-hidden=\"true\"><\/b><\/h1><\/div>\n\n<div class=\"container section-title-container show-for-small\" ><h1 class=\"section-title section-title-center\"><b aria-hidden=\"true\"><\/b><span class=\"section-title-main\" style=\"font-size:125%;color:rgb(107, 21, 149);\">Vermietung<\/span><b aria-hidden=\"true\"><\/b><\/h1><\/div>\n\n\n\t\t<\/div>\n\n\t\t\n<style>\n#section_1195337004 {\n  padding-top: 30px;\n  padding-bottom: 30px;\n}\n<\/style>\n\t<\/section>\n\t\n\n\n\t<section class=\"section\" id=\"section_150461972\">\n\t\t<div class=\"section-bg fill\" >\n\t\t\t\t\t\t\t\t\t\n\t\t\t\n\n\t\t<\/div>\n\n\t\t\n\n\t\t<div class=\"section-content relative\">\n\t\t\t\n\n<span class=\"scroll-to\" data-label=\"Scroll to: #event_inventar\" data-bullet=\"false\" data-link=\"#event_inventar\" data-title=\"Event Inventar\"><a name=\"event_inventar\"><\/a><\/span>\n\n<div class=\"row\"  id=\"row-1113759419\">\n\n\n\t<div id=\"col-1896305117\" class=\"col small-12 large-12\"  >\n\t\t\t\t<div class=\"col-inner\"  >\n\t\t\t\n\t\t\t\n\n\t<div id=\"gap-1791844847\" class=\"gap-element clearfix hide-for-medium\" style=\"display:block; height:auto;\">\n\t\t\n<style>\n#gap-1791844847 {\n  padding-top: 30px;\n}\n<\/style>\n\t<\/div>\n\t\n\n<div class=\"row\"  id=\"row-355453084\">\n\n\n\t<div id=\"col-1223875063\" class=\"col hide-for-medium medium-3 small-6 large-3\"  >\n\t\t\t\t<div class=\"col-inner\"  >\n\t\t\t\n\t\t\t\n\n\n\t\t<\/div>\n\t\t\t\t\t<\/div>\n\n\t\n\n\t<div id=\"col-335963122\" class=\"col medium-12 small-12 large-6\"  >\n\t\t\t\t<div class=\"col-inner\"  >\n\t\t\t\n\t\t\t\n\n<div class=\"text-center\"><div class=\"is-divider divider clearfix\" style=\"max-width:100%;height:2px;background-color:rgb(125, 13, 153);\"><\/div><\/div>\n\n\t<div id=\"gap-1782914161\" class=\"gap-element clearfix hide-for-medium\" style=\"display:block; height:auto;\">\n\t\t\n<style>\n#gap-1782914161 {\n  padding-top: 30px;\n}\n<\/style>\n\t<\/div>\n\t\n\n\n\t\t<\/div>\n\t\t\t\t\t<\/div>\n\n\t\n\n\t<div id=\"col-1735281983\" class=\"col hide-for-medium medium-3 small-6 large-3\"  >\n\t\t\t\t<div class=\"col-inner\"  >\n\t\t\t\n\t\t\t\n\n\n\t\t<\/div>\n\t\t\t\t\t<\/div>\n\n\t\n\n<\/div>\n\n\t\t<\/div>\n\t\t\t\t\t<\/div>\n\n\t\n\n<\/div>\n<div class=\"row\"  id=\"row-57994157\">\n\n\n\t<div id=\"col-153372616\" class=\"col hide-for-medium medium-3 small-12 large-3\"  >\n\t\t\t\t<div class=\"col-inner\"  >\n\t\t\t\n\t\t\t\n\n\n\t\t<\/div>\n\t\t\t\t\t<\/div>\n\n\t\n\n\t<div id=\"col-747216825\" class=\"col medium-6 small-12 large-2\"  >\n\t\t\t\t<div class=\"col-inner\"  >\n\t\t\t\n\t\t\t\n\n\t<div class=\"img has-hover x md-x lg-x y md-y lg-y\" id=\"image_2081416370\">\n\t\t\t\t\t\t\t\t<div class=\"img-inner dark\" >\n\t\t\t<img loading=\"lazy\" decoding=\"async\" width=\"500\" height=\"500\" src=\"https:\/\/gastrorampe.ch\/staging\/wp-content\/uploads\/2023\/09\/Button-Vermietung-Eventinventar.jpg\" class=\"attachment-original size-original\" alt=\"\" srcset=\"https:\/\/gastrorampe.ch\/staging\/wp-content\/uploads\/2023\/09\/Button-Vermietung-Eventinventar.jpg 500w, https:\/\/gastrorampe.ch\/staging\/wp-content\/uploads\/2023\/09\/Button-Vermietung-Eventinventar-300x300.jpg 300w, https:\/\/gastrorampe.ch\/staging\/wp-content\/uploads\/2023\/09\/Button-Vermietung-Eventinventar-150x150.jpg 150w, https:\/\/gastrorampe.ch\/staging\/wp-content\/uploads\/2023\/09\/Button-Vermietung-Eventinventar-250x250.jpg 250w, https:\/\/gastrorampe.ch\/staging\/wp-content\/uploads\/2023\/09\/Button-Vermietung-Eventinventar-100x100.jpg 100w\" sizes=\"auto, (max-width: 500px) 100vw, 500px\" \/>\t\t\t\t\t\t\n\t\t\t\t\t<\/div>\n\t\t\t\t\t\t\t\t\n<style>\n#image_2081416370 {\n  width: 100%;\n}\n<\/style>\n\t<\/div>\n\t\n\n\n\t\t<\/div>\n\t\t\t\t\t<\/div>\n\n\t\n\n\t<div id=\"col-1575394034\" class=\"col medium-6 small-12 large-4\"  >\n\t\t\t\t<div class=\"col-inner\"  >\n\t\t\t\n\t\t\t\n\n\t<div id=\"text-1673279318\" class=\"text\">\n\t\t\n\n<p>Je nach Verf\u00fcgbarkeit kannst Du bei uns Eventmaterial bei uns mieten. F\u00fcr Geschirr und Einwegmaterial arbeiten wir mit unserer Partnerfirma <a href=\"https:\/\/www.gastroplus.ch\/\" target=\"_blank\" rel=\"noopener\">Gastro Plus<\/a> zusammen<\/p>\n\t\t\n<style>\n#text-1673279318 {\n  font-size: 1.1rem;\n}\n<\/style>\n\t<\/div>\n\t\n<a href=\"https:\/\/gastrorampe.ch\/staging\/staging\/kontakt\/\" class=\"button primary is-outline\" >\n\t\t<span>Anfrage senden<\/span>\n\t<\/a>\n\n\n\n\t\t<\/div>\n\t\t\t\t\t<\/div>\n\n\t\n\n\t<div id=\"col-415594570\" class=\"col hide-for-medium medium-3 small-6 large-3\"  >\n\t\t\t\t<div class=\"col-inner\"  >\n\t\t\t\n\t\t\t\n\n\n\t\t<\/div>\n\t\t\t\t\t<\/div>\n\n\t\n\n<\/div>\n<div class=\"row\"  id=\"row-565829522\">\n\n\n\t<div id=\"col-1829462117\" class=\"col small-12 large-12\"  >\n\t\t\t\t<div class=\"col-inner\"  >\n\t\t\t\n\t\t\t\n\n\t<div id=\"gap-622264371\" class=\"gap-element clearfix hide-for-medium\" style=\"display:block; height:auto;\">\n\t\t\n<style>\n#gap-622264371 {\n  padding-top: 30px;\n}\n<\/style>\n\t<\/div>\n\t\n\n\t<div id=\"gap-1589398974\" class=\"gap-element clearfix hide-for-medium\" style=\"display:block; height:auto;\">\n\t\t\n<style>\n#gap-1589398974 {\n  padding-top: 30px;\n}\n<\/style>\n\t<\/div>\n\t\n\n<div class=\"row\"  id=\"row-702356468\">\n\n\n\t<div id=\"col-1933387354\" class=\"col hide-for-medium medium-3 small-6 large-3\"  >\n\t\t\t\t<div class=\"col-inner\"  >\n\t\t\t\n\t\t\t\n\n\n\t\t<\/div>\n\t\t\t\t\t<\/div>\n\n\t\n\n\t<div id=\"col-525331341\" class=\"col medium-12 small-12 large-6\"  >\n\t\t\t\t<div class=\"col-inner\"  >\n\t\t\t\n\t\t\t\n\n\t<div id=\"gap-1350954411\" class=\"gap-element clearfix hide-for-medium\" style=\"display:block; height:auto;\">\n\t\t\n<style>\n#gap-1350954411 {\n  padding-top: 30px;\n}\n<\/style>\n\t<\/div>\n\t\n\n<span class=\"scroll-to\" data-label=\"Scroll to: #vermietung_fahrzeuge\" data-bullet=\"false\" data-link=\"#vermietung_fahrzeuge\" data-title=\"Vermietung Fahrzeuge\"><a name=\"vermietung_fahrzeuge\"><\/a><\/span>\n\n<div class=\"text-center\"><div class=\"is-divider divider clearfix\" style=\"max-width:100%;height:2px;background-color:rgb(125, 13, 153);\"><\/div><\/div>\n\n\t<div id=\"gap-869096707\" class=\"gap-element clearfix hide-for-medium\" style=\"display:block; height:auto;\">\n\t\t\n<style>\n#gap-869096707 {\n  padding-top: 30px;\n}\n<\/style>\n\t<\/div>\n\t\n\n\n\t\t<\/div>\n\t\t\t\t\t<\/div>\n\n\t\n\n\t<div id=\"col-441321106\" class=\"col hide-for-medium medium-3 small-6 large-3\"  >\n\t\t\t\t<div class=\"col-inner\"  >\n\t\t\t\n\t\t\t\n\n\n\t\t<\/div>\n\t\t\t\t\t<\/div>\n\n\t\n\n<\/div>\n\n\t\t<\/div>\n\t\t\t\t\t<\/div>\n\n\t\n\n<\/div>\n<div class=\"row\"  id=\"row-1547549235\">\n\n\n\t<div id=\"col-869924689\" class=\"col hide-for-medium medium-3 small-6 large-3\"  >\n\t\t\t\t<div class=\"col-inner\"  >\n\t\t\t\n\t\t\t\n\n\n\t\t<\/div>\n\t\t\t\t\t<\/div>\n\n\t\n\n\t<div id=\"col-359013433\" class=\"col medium-6 small-12 large-2\"  >\n\t\t\t\t<div class=\"col-inner\"  >\n\t\t\t\n\t\t\t\n\n\t<div class=\"img has-hover x md-x lg-x y md-y lg-y\" id=\"image_1008566845\">\n\t\t\t\t\t\t\t\t<div class=\"img-inner dark\" >\n\t\t\t<img loading=\"lazy\" decoding=\"async\" width=\"500\" height=\"500\" src=\"https:\/\/gastrorampe.ch\/staging\/wp-content\/uploads\/2023\/09\/Button-Vermietung-Fahrzeuge.jpg\" class=\"attachment-original size-original\" alt=\"\" srcset=\"https:\/\/gastrorampe.ch\/staging\/wp-content\/uploads\/2023\/09\/Button-Vermietung-Fahrzeuge.jpg 500w, https:\/\/gastrorampe.ch\/staging\/wp-content\/uploads\/2023\/09\/Button-Vermietung-Fahrzeuge-300x300.jpg 300w, https:\/\/gastrorampe.ch\/staging\/wp-content\/uploads\/2023\/09\/Button-Vermietung-Fahrzeuge-150x150.jpg 150w, https:\/\/gastrorampe.ch\/staging\/wp-content\/uploads\/2023\/09\/Button-Vermietung-Fahrzeuge-250x250.jpg 250w, https:\/\/gastrorampe.ch\/staging\/wp-content\/uploads\/2023\/09\/Button-Vermietung-Fahrzeuge-100x100.jpg 100w\" sizes=\"auto, (max-width: 500px) 100vw, 500px\" \/>\t\t\t\t\t\t\n\t\t\t\t\t<\/div>\n\t\t\t\t\t\t\t\t\n<style>\n#image_1008566845 {\n  width: 100%;\n}\n<\/style>\n\t<\/div>\n\t\n\n\n\t\t<\/div>\n\t\t\t\t\t<\/div>\n\n\t\n\n\t<div id=\"col-969662382\" class=\"col medium-6 small-12 large-4\"  >\n\t\t\t\t<div class=\"col-inner\"  >\n\t\t\t\n\t\t\t\n\n\t<div id=\"text-210449222\" class=\"text\">\n\t\t\n\n<p>Hast Du Bedarf nach einem Lieferwagen mit Hebeb\u00fchne, kannst Du g\u00fcnstig und unkompliziert \u00fcber die Plattform go more mieten.<\/p>\n<p>Auf Anfrage mit Chauffeur\/Z\u00fcgelmann m\u00f6glich.<\/p>\n\t\t\n<style>\n#text-210449222 {\n  font-size: 1.1rem;\n}\n<\/style>\n\t<\/div>\n\t\n<a href=\"https:\/\/gomore.ch\/mietauto\/502558?source=list&#038;position=2&#038;query=Wolhusen&#038;place_id=ChIJIWEepAXdj0cRonLtxLKNurE\" target=\"_blank\" class=\"button primary is-outline\" rel=\"noopener\" >\n\t\t<span>Fahrzeug mieten<\/span>\n\t<\/a>\n\n\n\n\t\t<\/div>\n\t\t\t\t\t<\/div>\n\n\t\n\n\t<div id=\"col-637556262\" class=\"col hide-for-medium medium-3 small-6 large-3\"  >\n\t\t\t\t<div class=\"col-inner\"  >\n\t\t\t\n\t\t\t\n\n\n\t\t<\/div>\n\t\t\t\t\t<\/div>\n\n\t\n\n<\/div>\n\n\t\t<\/div>\n\n\t\t\n<style>\n#section_150461972 {\n  padding-top: 30px;\n  padding-bottom: 30px;\n}\n<\/style>\n\t<\/section>\n\t\n\n","protected":false},"excerpt":{"rendered":"","protected":false},"author":1,"featured_media":0,"parent":0,"menu_order":0,"comment_status":"closed","ping_status":"closed","template":"","meta":{"om_disable_all_campaigns":false,"footnotes":""},"class_list":["post-4039","page","type-page","status-publish","hentry"],"aioseo_notices":[],"_links":{"self":[{"href":"https:\/\/gastrorampe.ch\/staging\/wp-json\/wp\/v2\/pages\/4039","targetHints":{"allow":["GET"]}}],"collection":[{"href":"https:\/\/gastrorampe.ch\/staging\/wp-json\/wp\/v2\/pages"}],"about":[{"href":"https:\/\/gastrorampe.ch\/staging\/wp-json\/wp\/v2\/types\/page"}],"author":[{"embeddable":true,"href":"https:\/\/gastrorampe.ch\/staging\/wp-json\/wp\/v2\/users\/1"}],"replies":[{"embeddable":true,"href":"https:\/\/gastrorampe.ch\/staging\/wp-json\/wp\/v2\/comments?post=4039"}],"version-history":[{"count":17,"href":"https:\/\/gastrorampe.ch\/staging\/wp-json\/wp\/v2\/pages\/4039\/revisions"}],"predecessor-version":[{"id":8848,"href":"https:\/\/gastrorampe.ch\/staging\/wp-json\/wp\/v2\/pages\/4039\/revisions\/8848"}],"wp:attachment":[{"href":"https:\/\/gastrorampe.ch\/staging\/wp-json\/wp\/v2\/media?parent=4039"}],"curies":[{"name":"wp","href":"https:\/\/api.w.org\/{rel}","templated":true}]}}